 is divided by 9?
6
Calculate the remainder when 448 is divided by (-204*5/10)/(0 + -2).
40
Suppose 7 = 4*t - 5. Let s(r) = 2*r**3 + 3*r - 3. Let y be s(t). Suppose 2*v - y = 62. What is the remainder when v is divided by 32?
29
Let i = -161 - -180. Let h(m) = m + 44. What is the remainder when h(i) is divided by 32?
31
Let i(v) = 14*v**3 - 6*v**2 + 2*v. What is the remainder when i(2) is divided by 16?
12
Let l = 125 + 308. Calculate the remainder when l is divided by 144.
1
Let l(g) = -2*g**3 - 7*g**2 + 8*g - 22. Calculate the remainder when l(-6) is divided by 33.
11
Let k be (-9)/(-12) - (-1)/4. Let n = 16 - k. Suppose 69 = g - 0*g - 4*c, -225 = -4*g - c. Calculate the remainder when g is divided by n.
12
Let d = -672 + 713. Calculate the remainder when d is divided by 17.
7
Suppose 3*p - 36 = -12. What is the remainder when 11 is divided by p?
3
Let j(o) = 3*o**2 + 3*o - 22. What is the remainder when 150 is divided by j(-5)?
36
Let r = -7 + 39. Suppose -n + 3*n = -4, 2*s - 3*n - r = 0. Suppose 703*x = 702*x - 3*w + 51, 166 = 2*x - 2*w. What is the remainder when x is divided by s?
10
Let w(s) = -12*s - 74. Let y be w(-6). Let i(o) = 3*o**2 + 3*o + 5. Calculate the remainder when i(y) is divided by 3.
2
Suppose -2*x - 3*l = -39, 4*x + l + 3*l = 68. Suppose -3*a = -4 - 5. Suppose 5*k = -a*i + 94, 5*i - 4*k - 4 = 91. What is the remainder when i is divided by x?
11
Suppose 4*r - 266 + 226 = 0. What is the remainder when 17 is divided by r?
7
Let z = 308 + -215. Suppose 427 = -4*y - 5*q + 2*q, y = 5*q - 124. Let k = y - -133. What is the remainder when z is divided by k?
21
Suppose 34*d - 16 = 32*d. Suppose -5*u = -7 + 47. Let f(o) = -3*o - 9. What is the remainder when f(u) is divided by d?
7
Let l = 33 - 33. Suppose 4*n + 44 = 4*q, -q = -l*q + n - 17. Calculate the remainder when q is divided by 4.
2
Suppose -6*i + 2*i = -12. What is the remainder when 6/(-75) - 2448/(-600) is divided by i?
1
Let c(j) = 3*j + 2. Let l be c(1). Suppose 2*a + 2*n + 33 = 145, 0 = -n - l. Calculate the remainder when a is divided by 32.
29
Suppose -6*a = 4*a - 340. Calculate the remainder when a is divided by 7.
6
Suppose -9*j + 182 = -178. Calculate the remainder when j is divided by 25.
15
Let i = -60 - -91. Let v = 177 + -117. Calculate the remainder when v is divided by i.
29
Suppose h - 144 = -2*w, 7*h - 2*h - 223 = -3*w. Let k = 188 - w. Calculate the remainder when k is divided by 60.
57
Suppose 4893 - 1267 = 14*x. Let d = 443 - x. Calculate the remainder when d is divided by 62.
60
Let m be -3 + (8 - 4) - 13*-12. Let p = -155 + m. Calculate the remainder when 2 is divided by p.
0
Let b = 979 - 753. Calculate the remainder when b is divided by 58.
52
Suppose -b = 4*p - 436, 2*p - 4*b - 56 = 162. Let q(l) = 3*l**3 - 2*l**2 + l - 2. Calculate the remainder when p is divided by q(2).
13
What is the remainder when 58*((-30)/10 + (9 - 2)) is divided by 6?
4
Let b be (-8)/6 - (-26)/6. Suppose -r + 2*n = b*n - 10, -4 = -n. What is the remainder when 27 is divided by r?
3
Suppose 5*z - q - 37 = 0, -5*z = -q + 3*q - 46. Suppose -p + z*p = 70. What is the remainder when (-2)/1*(-116)/8 is divided by p?
9
Let s(z) = 3*z - 9. Let n be s(10). Let t = n + -18. Calculate the remainder when t is divided by 3.
0
Let h = 455 + -429. What is the remainder when 120 is divided by h?
16
Suppose 0 = 5*x - x + 344. Let w = x + 177. What is the remainder when w is divided by 23?
22
Let q(r) = 8*r**2 + 23*r + 151. Calculate the remainder when q(-7) is divided by 11.
8
Let p = -539 + 546. Suppose u - 6*u - 2 = -4*k, -4 = 4*u - 4*k. Calculate the remainder when p is divided by u.
1
Let u = 28 + -26. Let h(y) = -4*y - 79. What is the remainder when h(-23) is divided by u?
1
Let x = -13 + 13. Suppose -64 = 4*n + k + 4*k, x = 4*n - 4*k + 64. Let j = n + 36. Calculate the remainder when 78 is divided by j.
18
Let r(b) = -5*b**2 + b + 4. Let k be r(3). Let h(j) = 6*j - 20. Let f be h(-6). Let p = k - f. What is the remainder when p is divided by 10?
8
Suppose 3*g + 24 - 36 = 0. Suppose -2*f - 1 - 49 = -g*k, -3*k + f + 38 = 0. What is the remainder when 24 is divided by k?
11
Let k(t) = t**3 - 9*t**2 + 2. Let c be ((-3)/5)/((-2)/30). What is the remainder when k(c) is divided by 1?
0
Let i = -489 + 643. What is the remainder when i is divided by 49?
7
Suppose -2*m + 3*f + 386 = -150, 0 = 3*m - f - 790. Calculate the remainder when m is divided by 22.
20
Suppose -79*o + 77*o = 3*y - 353, 0 = -4*o - 2*y + 694. What is the remainder when o is divided by 33?
7
Suppose -4*x + 20 = -3*d, 3*x - d = -2*x + 14. Suppose x*q + 8 + 28 = 0. Let z = q - -21. Calculate the remainder when z is divided by 2.
1
Suppose -17*j = 9*j - 12948. What is the remainder when j is divided by 21?
15
Let t(i) = -i**2 + 34*i - 216. Calculate the remainder when 680 is divided by t(21).
53
Let m = 270 - 183. Calculate the remainder when m is divided by 28.
3
Suppose 127 = -14*s + 1009. What is the remainder when s is divided by 57?
6
Calculate the remainder when 207 is divided by ((-12)/(-18))/(12/954).
48
Let q = -2112 - -2368. What is the remainder when q is divided by 41?
10
Suppose -5*w - 2*y = y - 10, 0 = -w - 4*y - 15. Suppose c = w - 1. Calculate the remainder when 10 is divided by c.
2
Calculate the remainder when 160 is divided by 42*6/9 - 1.
25
Let k(b) = 2*b**2 - 3*b - 9. Calculate the remainder when k(-6) is divided by -77*(1575/147 - 11*1).
15
Let z be (2/4)/(2/68). Let k = z + -13. What is the remainder when 8/(-10)*(-10)/k is divided by 2?
0
Suppose 291 = 4*n - 24*j + 23*j, 2*n = -2*j + 158. Calculate the remainder when n is divided by 23.
5
Calculate the remainder when 386 is divided by 172*((-34)/(-8) + -4).
42
Let j(k) = -k**3 - 57*k**2 - 54*k + 123. Let r = 4 + -1. Calculate the remainder when j(-56) is divided by r.
2
Let x be -2 + 1 + 435/3. Suppose 0*a + 3*a - x = 0. What is the remainder when a is divided by 17?
14
Suppose 0 = -129*p + 130*p - 74. Calculate the remainder when p is divided by 26.
22
Let p = 34 - 187. Let x = -26 - p. Suppose 3*i = 5*g - 0*i - x, 61 = 3*g + 2*i. Calculate the remainder when g is divided by 12.
11
Let s be 29 - -1*(-5 + 3). Let k = -14 + s. Calculate the remainder when 1064/44 + 4/(-22) is divided by k.
11
Suppose 0*t - 6 = t. Let b(i) = -i**3 - 7*i**2 - 14*i - 9. What is the remainder when b(t) is divided by 20?
19
Suppose 4*p = -3*s - 20, 4*p + s + 17 = 5. What is the remainder when 1/2*-5*-10 is divided by (9/p)/(5/(-10))?
7
Let f = 161 - 124. Suppose -2 = -2*a + 18. Calculate the remainder when f is divided by a.
7
Let l(p) = -40*p + 672. Let b(n) = 13*n**2 - 4*n - 3. What is the remainder when b(-3) is divided by l(16)?
30
Let o be 116/(4/(-24)*-2). Let z be (1/2)/((-3)/o). Let b = z - -91. What is the remainder when b is divided by 12?
9
Suppose 0 = 7*d - 38 - 81. Suppose 0 = -d*o + 14*o + 48. What is the remainder when o is divided by 3?
1
Let d(x) = -8*x + 21. Let k(z) = -9*z + 20. Let v(j) = -4*d(j) + 3*k(j). Let s be 0 + (-21)/(-3) + 0. What is the remainder when 43 is divided by v(s)?
10
Suppose -150 = -2*w + 42*v - 37*v, 300 = 4*w - 3*v. What is the remainder when 296 is divided by w?
71
Suppose 2*v - 313 - 13 = 0. Suppose -3*h + 179 = -v. Let c = h + -35. Calculate the remainder when c is divided by 20.
19
Suppose -q - 2*o = -14, -q - 32*o = -31*o - 19. Suppose -d - 380 = -5*d. Calculate the remainder when d is divided by q.
23
Suppose 5*s + 159 + 146 = 0. Let h = s - -144. What is the remainder when h is divided by 25?
8
Let j(i) = 14*i - 315. Calculate the remainder when j(30) is divided by 51.
3
Suppose -o - 4*j = 21, -97 = 3*o + 5*j - 41. Calculate the remainder when 18 is divided by (o/(-34))/((-1)/(-8)).
2
Suppose -11 = -4*v + 3*s - 8, 0 = -5*v + 3*s + 6. What is the remainder when 33 is divided by 8*(-3)/(-6) + v?
5
What is the remainder when 120/80 - (-127)/2 is divided by 35?
30
Let g = 0 + 21. What is the remainder when g is divided by (-4 + -16)/((325/(-10))/13)?
5
Suppose -p = 0, -3*g - 2*p = 3*p - 93. Suppose 5*h + 0*r + 5*r = 55, -3*h + g = 5*r. Let n = -10 + h. What is the remainder when 3 is divided by n?
1
Let i(k) = -k**2 + 12*k + 13. Suppose -2*g + 4*j = -30, 5*j = g - 23 + 2. What is the remainder when i(9) is divided by g?
7
Su